of 7891/39 + s/3?
2
Let f(k) = -804*k - 277. What is the thousands digit of f(-4)?
2
Let h be (-3)/6*-2 + -3. Let i be 34 + 1 + 1 + h. Suppose -l = 4*l + 3*w - 36, 5*l = -2*w + i. What is the units digit of l?
6
Suppose -4*m - 91 = 37. Let x = 122 + m. What is the tens digit of x?
9
Let y(k) = k**2 + 29*k + 27. What is the hundreds digit of y(-32)?
1
Let x(s) = 2*s**2 - 58*s + 38. What is the tens digit of x(-22)?
8
Let q(h) = h**3 + 11*h**2 + 11*h + 10. Let l be q(-10). Suppose 854 = 5*p - k - 0*k, l = 2*p - 5*k - 337. What is the hundreds digit of p?
1
Suppose 5*x - 32 = -17. Suppose -21 - 3 = x*o. What is the units digit of (-20)/(-16) + 2/o?
1
Suppose -2*v + 4 = -4. Suppose 5*w = -n + 3*w + 100, -v*n = -4*w - 400. Suppose 0*k = 4*k - n. What is the units digit of k?
5
Let j(f) = -5*f + 2 + 5*f**2 - 1 - 3*f**2. What is the tens digit of j(-4)?
5
Let y(w) = w**3 - w**2 - 5*w + 2. What is the tens digit of y(4)?
3
Suppose -4*t + 0*t + 61 = 5*p, -20 = -4*p + 4*t. Suppose 23*i - 2030 = p*i. What is the tens digit of i?
4
Let n = 64 + -50. Let c = 8 + n. What is the units digit of c?
2
Let b(f) = -3*f**2 - 6*f - 2. Let d be b(-7). Let s = -30 - d. What is the units digit of s?
7
Suppose -3*j = -s - 10, -4*s - s + 30 = j. Suppose -2*i = -23 + s. Let t = i + 4. What is the tens digit of t?
1
Let k = 507 - -277. What is the units digit of k?
4
Let p = 8365 - 4677. What is the tens digit of p?
8
Suppose -5*k = 10 - 30. Suppose -u + k*u = 12. Let m(s) = 4*s. What is the units digit of m(u)?
6
Let n(u) be the first derivative of 2*u**3/3 + 5*u**2 - 4*u - 1. Let k be n(-9). Suppose 328 = 4*i + k. What is the units digit of i?
5
Let r = -58 + 155. Suppose 4*p = -3*y + 136, 2*y - 4*p = r + 7. What is the tens digit of y?
4
Let b(f) = -f + 10. Let v(w) = w - 12. Let u be v(16). Suppose -21 - 7 = u*l. What is the tens digit of b(l)?
1
Let s = -676 - -1766. Suppose 7*f = -131 + s. What is the tens digit of f?
3
What is the thousands digit of (-6 - ((-188)/8 - 6))*56?
1
Let j(p) = 8*p**2 - 6*p - 114. What is the tens digit of j(-10)?
4
Let j = -49 + 34. Let m be 5*-11*36/j. What is the tens digit of m*4*2/16?
6
Suppose 3*l - 10*n + 9*n - 8089 = 0, -2*l - 3*n = -5411. What is the tens digit of l?
9
Let l = 3602 - 148. What is the units digit of l?
4
Suppose -2*h = 5*o - 9068, -h = -5*o - 3893 - 671. What is the tens digit of h?
4
Let o = -6 - 22. What is the units digit of (-206)/(-8) - 7/o?
6
Let f(h) = h**2 + 11*h + 21. Let z(k) = -2*k - 23. Let j be z(-7). What is the units digit of f(j)?
3
Let w be (0/(-1) - -6)/2. Suppose -y + w = 2. What is the tens digit of -2 + 1 + 41 - y?
3
Suppose 512 = 4*v + 4*v. What is the tens digit of ((-4)/(v/36))/((-6)/160)?
6
Let y be (-10)/(-25) + (-6390)/(-25). Suppose 0 = 5*a - 4*n - y, 2*a + 6 - 115 = -5*n. What is the units digit of a?
2
What is the hundreds digit of (((-7058)/3)/(-1))/(228/342)?
5
Suppose 3*m + t - 2*t - 9 = 0, 3*t = -m + 3. Suppose -r + m*r = 114. What is the tens digit of r?
5
Suppose -106 = y - 3*y + 2*o, 2*y = 4*o + 98. Let n(t) = -t**3. Let d be n(-1). What is the tens digit of (y/(-3))/(d*-1)?
1
Let k = 4912 - 2344. What is the units digit of k?
8
Suppose 0 + 2 = s. Suppose 7*u - 13*u - 42 = 0. Let d = s - u. What is the units digit of d?
9
Suppose -2*x + 1017 = 4*n + 409, -4*n = 3*x - 612. What is the tens digit of n?
5
Let c = 19 - 17. Suppose -2*s - 3*s = 0. Suppose s*x - 26 = -c*x. What is the units digit of x?
3
Suppose -3155 = -16*g + 6269. What is the tens digit of g?
8
Let x(d) = d**3 + 3*d**2 + 3*d. Let y be x(-3). Let s = y + 10. Let z(v) = 59*v**3 + 2*v**2 - v. What is the units digit of z(s)?
0
Let s = -1334 - -2697. What is the units digit of s?
3
Let t(k) be the first derivative of k**5/20 + k**4/3 - k**3/2 - k**2 - 6*k - 6. Let l(u) be the first derivative of t(u). What is the units digit of l(-4)?
0
Let h(w) = 187*w**2 + 2*w + 1. Let z be h(-1). Let o = z + -34. What is the units digit of 0 + o/4 + -4?
4
Suppose -o = 96 + 944. Let v be o/144 - (-2)/9. What is the units digit of (-19)/v + 4/14?
3
Let t(k) = -k + 2. Let p be t(10). Let z = 9 - p. What is the units digit of z?
7
Let l(w) = -3*w + 25. Let r(y) = -y**2 + 2*y - 9. Let v be r(5). What is the units digit of l(v)?
7
Let i be 274 + -2 + -1 + 0. Let w = -156 + i. What is the hundreds digit of w?
1
Suppose -8*c = -1055 - 489. What is the units digit of c?
3
Suppose -2*y - y - 5*t - 19 = 0, t + 61 = -5*y. Let o = y + 7. What is the units digit of o/(-8) - 3/(-12)?
1
Let f(v) be the third derivative of -2/3*v**4 + 1/60*v**5 + 10*v**2 + 1/3*v**3 + 0 + 0*v. What is the units digit of f(16)?
2
Let k(w) = -w**3 - 2*w**2 - 6. Suppose 0 = c + 5. What is the units digit of k(c)?
9
Let t(h) = -h + 4. Let s = -2 + -8. Let g be t(s). Let b = 54 + g. What is the tens digit of b?
6
Let p(d) = 2*d + 24. Let w be p(-10). Suppose -2*q - w*q = -210. What is the units digit of q?
5
Suppose 11840 = 5*l + 5*n, 8*l - 4739 = 6*l - n. What is the tens digit of l?
7
Suppose -3*h + 353 = 4*g - 152, 5*h - 863 = 4*g. What is the units digit of h?
1
Let w(b) = -9*b**3 + 7*b**2 + 29*b + 3. What is the units digit of w(-4)?
5
Suppose -3*u = -l - 11, -4*l - 4*u - 2 = -2*u. Let g be (l - (-1 - -2)) + 1. What is the units digit of (-3)/(-4)*-2*g?
3
Let b be ((-4)/(-3))/(2/3). Suppose -b*h = 2*x - 14, -4*x + 5*h = -5*x - 13. Let a = x + -10. What is the units digit of a?
2
Suppose 3 = z, -5*z + 7 + 18 = 5*a. What is the tens digit of 3 + 48 + 4 + a?
5
Let n be (-5)/2*26/(-5). Suppose n*a - 30 = 8*a. Suppose a*f - 70 = f. What is the tens digit of f?
1
Suppose 0*y + 604 = d + 3*y, -4*d = y - 2416. What is the hundreds digit of d?
6
Suppose s + 24 = 7*s. What is the units digit of ((-6)/s)/(2/(-28))?
1
Let u(i) = 3939*i**2 + i + 4. What is the hundreds digit of u(1)?
9
Let v(l) = l**2 - 7. Let w(s) = -s**3 - 3*s**2 - 3*s - 3. Let u be w(-3). Let j(c) = -c**3 + 6*c**2 + 2*c - 7. Let k be j(u). What is the tens digit of v(k)?
1
Let h(m) = m**3 + 12*m**2 + 6. Let z be h(-12). What is the units digit of (15/5)/(0 + z/154)?
7
Suppose 5*f - s - 5562 = 2*s, -s - 1114 = -f. What is the tens digit of f?
1
What is the hundreds digit of 12*(-3)/(-12)*1672/6?
8
Let q(j) = -j**3 + 4*j**2 - j. Let r(l) = l**2 - 3*l - 1. Let x be r(-2). Let b = x + -6. What is the units digit of q(b)?
6
What is the hundreds digit of ((-12)/10)/((-2)/((-11680)/(-24)))?
2
Suppose 4*s + 8020 = 13248. What is the tens digit of s?
0
Let a = 577 - 126. What is the hundreds digit of a?
4
Suppose -6 = 7*v - 4*v. Let a be 40/(-10) + (-12)/v. What is the units digit of a/2*27 + -1?
6
Suppose 0 = -8*m + 7*m + 756. What is the units digit of m?
6
Suppose 9*m = -3*d + 6*m - 36, 3*d + 5*m + 44 = 0. Let w(j) be the first derivative of -3*j**2/2 + 4*j + 1. What is the tens digit of w(d)?
2
What is the units digit of (36 - (0 + 8))/((-1)/(-28))?
4
Suppose 80*y - 24320 = 72*y. What is the hundreds digit of y?
0
Let y(c) be the third derivative of -c**6/120 + 11*c**5/60 + 7*c**4/12 - 2*c**3/3 - 218*c**2. Suppose 4*d + 3 = 51. What is the tens digit of y(d)?
2
What is the hundreds digit of 126*5 + -5 + -1?
6
Suppose 18 = 4*b - 10. Let y be ((-5)/2)/(b/(-14)). Suppose 4*q - y = 3. What is the units digit of q?
2
Let x be 9/4*(-12)/(-9). Suppose 60 = x*i - 21. What is the tens digit of i?
2
Suppose -4*m = -3*u + 499, 0 = 2*u - 3*m + 112 - 443. What is the units digit of u?
3
Suppose -38*u = -48*u + 13130. What is the hundreds digit of u?
3
Let s(w) be the second derivative of 3*w**5/20 + w**4/12 + w**3/6 - 2*w**2 - 14*w + 2. Let q be ((-2)/3 + 0)*-3. What is the units digit of s(q)?
6
Suppose -5*u = 5 - 15. Suppose u*d + 0*d = -90. Let q = -22 - d. What is the units digit of q?
3
Suppose -3*s + 9 = 0, 3*g - 628 = 2*s - 208. What is the tens digit of g?
4
Let y be 3*5*(-28)/(-35). Let f be (y/18)/((-1)/(-21)). Suppose 0 = -2*h + h + f. What is the units digit of h?
4
Let v(a) = -a**3 + 5*a**2 - 5*a + 7. Let w be v(4). Suppose 74 = -w*r + 194. What is the units digit of r?
0
Let q = 0 - -2. Suppose -3*s + 4*k + 31 = 0, 4*s + 5*k + 10 = q*s. Suppose 1 = -s*n + 11, 5*n - 28 = -o. What is the tens digit of o?
1
Suppose -2*y + 158 = 2*u, 2*y - 255 = -y + 3*u. What is the tens digit of y?
8
Let p be 21/7 + 4/1. Let t